{"id":8,"date":"2019-03-15T16:17:46","date_gmt":"2019-03-15T16:17:46","guid":{"rendered":"http:\/\/mati2001.webd.pro\/?page_id=8"},"modified":"2025-12-27T16:05:14","modified_gmt":"2025-12-27T15:05:14","slug":"home","status":"publish","type":"page","link":"https:\/\/www.ministranci.katowice.pl\/","title":{"rendered":"Dom"},"content":{"rendered":"\n<p class=\"has-text-align-center has-medium-font-size\"><strong>MENU<\/strong><\/p>\n\n\n\n<div class=\"wp-block-buttons is-content-justification-center is-layout-flex wp-container-core-buttons-is-layout-a89b3969 wp-block-buttons-is-layout-flex\">\n<div class=\"wp-block-button\"><a class=\"wp-block-button__link has-background wp-element-button\" href=\"https:\/\/www.ministranci.katowice.pl\/wp-login.php\" style=\"border-radius:0px;background-color:#ba0c49\">Dost\u0119p do platformy<\/a><\/div>\n\n\n\n<div class=\"wp-block-button\"><a class=\"wp-block-button__link has-background wp-element-button\" href=\"https:\/\/www.ministranci.katowice.pl\/?p=4615\" style=\"border-radius:0px;background-color:#ba0c49\">Ewangeila na Wigili\u0119 Bo\u017cego Narodzenia<\/a><\/div>\n<\/div>\n\n\n\n<div class=\"wp-block-buttons is-horizontal is-content-justification-center is-layout-flex wp-container-core-buttons-is-layout-6bd4d9d1 wp-block-buttons-is-layout-flex\">\n<div class=\"wp-block-button\"><a class=\"wp-block-button__link has-background wp-element-button\" href=\"https:\/\/www.cialaikrwi-katowice.pl\/\" style=\"border-radius:0px;background-color:#ba0c49\" target=\"_blank\" rel=\"noreferrer noopener\">Strona Parafii<\/a><\/div>\n\n\n\n<div class=\"wp-block-button aligncenter\"><a class=\"wp-block-button__link has-background wp-element-button\" href=\"https:\/\/www.cialaikrwi-katowice.pl\/aktualnosci\/ogloszenia-parafialne.html\" style=\"border-radius:0px;background-color:#ba0c49\" target=\"_blank\" rel=\"noreferrer noopener\">Og\u0142oszenia parafialne<\/a><\/div>\n\n\n\n<div class=\"wp-block-button\"><a class=\"wp-block-button__link has-background wp-element-button\" href=\"https:\/\/www.cialaikrwi-katowice.pl\/aktualnosci\/intencje-mszalne-1.html\" style=\"border-radius:0px;background-color:#ba0c49\" target=\"_blank\" rel=\"noreferrer noopener\">Porz\u0105dek nabo\u017ce\u0144stw<\/a><\/div>\n<\/div>\n\n\n\n<div class=\"wp-block-buttons is-content-justification-center is-layout-flex wp-container-core-buttons-is-layout-a89b3969 wp-block-buttons-is-layout-flex\">\n<div class=\"wp-block-button\"><a class=\"wp-block-button__link has-background wp-element-button\" href=\"https:\/\/www.cialaikrwi-katowice.pl\/aktualnosci\/delegat-ds-ochrony-dzieci-i-mlodziezy.html\" style=\"background-color:#ba0c49\" target=\"_blank\" rel=\"noreferrer noopener\">Delegat ds. ochrony dzieci i m\u0142odzie\u017cy<\/a><\/div>\n<\/div>\n\n\n\n<hr class=\"wp-block-separator has-css-opacity\"\/>\n\n\n\n<p class=\"has-text-align-center has-medium-font-size\"><strong>Najwa\u017cniejsze informacje<\/strong><\/p>\n\n\n\n<div class=\"wp-block-columns is-layout-flex wp-container-core-columns-is-layout-28f84493 wp-block-columns-is-layout-flex\">\n<div class=\"wp-block-column is-layout-flow wp-block-column-is-layout-flow\">\n<p class=\"has-text-align-center has-vivid-red-color has-light-green-cyan-background-color has-text-color has-background\"><strong>Wszystkie informacje dost\u0119pne po zalogowaniu si\u0119<\/strong> <strong>do systemu<\/strong><\/p>\n\n\n\n<p class=\"has-text-align-center has-light-green-cyan-background-color has-text-color has-background has-link-color wp-elements-0fcf365dfe9ac9e2d9311791c288bed3\" style=\"color:#ff0000\"><strong><a href=\"https:\/\/www.ministranci.katowice.pl\/?page_id=4538\" data-type=\"link\" data-id=\"https:\/\/www.ministranci.katowice.pl\/?page_id=4538\">RODO<\/a><\/strong><\/p>\n<\/div>\n\n\n\n<div class=\"wp-block-column is-layout-flow wp-block-column-is-layout-flow\">\n<p class=\"has-text-align-center has-vivid-red-color has-light-green-cyan-background-color has-text-color has-background\"><strong>Kontakt <\/strong><strong>z administratorem strony znajduje si\u0119 w zak\u0142adce <em>Kontakt<\/em>.<\/strong><\/p>\n\n\n\n<p class=\"has-text-align-center has-light-green-cyan-background-color has-text-color has-background has-link-color wp-elements-6e045ce83c436b19b0a49d9ccc52b78d\" style=\"color:#ff0000\"><a href=\"https:\/\/www.ministranci.katowice.pl\/?page_id=4273\" data-type=\"link\" data-id=\"https:\/\/www.ministranci.katowice.pl\/?page_id=4273\"><strong>Polityka prywatno\u015bci<\/strong><\/a><\/p>\n<\/div>\n<\/div>\n\n\n\n<figure class=\"wp-block-image size-full\"><img decoding=\"async\" src=\"https:\/\/www.ministranci.katowice.pl\/wp-content\/uploads\/2025\/10\/DJI_20251013191939_0013_D.jpg\" alt=\"\" class=\"wp-image-4691\"\/><\/figure>\n\n\n\n<!--nextpage-->\n\n\n\n<div class=\"wp-block-columns is-layout-flex wp-container-core-columns-is-layout-28f84493 wp-block-columns-is-layout-flex\">\n<div class=\"wp-block-column is-layout-flow wp-block-column-is-layout-flow\">\n<p class=\"has-text-align-center has-black-color has-cyan-bluish-gray-background-color has-text-color has-background\"><strong><em>Modlitwa przed s\u0142u\u017cb\u0105<\/em><\/strong><br>Oto za chwil\u0119 przyst\u0105pi\u0119 do o\u0142tarza Bo\u017cego,<br>do Boga, kt\u00f3ry rozwesela m\u0142odo\u015b\u0107 moj\u0105.<br>Do \u015bwi\u0119tej przyst\u0119puj\u0119 s\u0142u\u017cby,<br>chc\u0119 j\u0105 dobrze pe\u0142ni\u0107.<br>Prosz\u0119 Ci\u0119, Panie Jezu,<br>o \u0142ask\u0119 skupienia,<br>by my\u015bli moje by\u0142y przy Tobie,<br>by oczy moje by\u0142y zwr\u00f3cone na o\u0142tarz, a serce moje oddane tylko Tobie.<br>Amen.<\/p>\n<\/div>\n\n\n\n<div class=\"wp-block-column is-layout-flow wp-block-column-is-layout-flow\">\n<p class=\"has-text-align-center has-black-color has-cyan-bluish-gray-background-color has-text-color has-background\"><strong><em>Modlitwa po s\u0142u\u017cbie<\/em><\/strong><br>Bo\u017ce, kt\u00f3rego powo\u0142a\u0142a mnie do Twojej s\u0142u\u017cby,<br>spraw, bym u\u015bwi\u0119cony uczestnictwem w Twych tajemnicach przez dzie\u0144 dzisiejszy i ca\u0142e me \u017cycie, szed\u0142 tylko&nbsp; drog\u0105 zbawienia,<br>przez Chrystusa, Pana naszego.<br>Amen.<\/p>\n<\/div>\n<\/div>\n","protected":false},"excerpt":{"rendered":"<p>MENU Najwa\u017cniejsze informacje Wszystkie informacje dost\u0119pne po zalogowaniu si\u0119 do systemu RODO Kontakt z administratorem strony znajduje si\u0119 w zak\u0142adce Kontakt. Polityka prywatno\u015bci<\/p>\n","protected":false},"author":1,"featured_media":0,"parent":0,"menu_order":0,"comment_status":"closed","ping_status":"closed","template":"","meta":{"ngg_post_thumbnail":0,"footnotes":""},"class_list":["post-8","page","type-page","status-publish","hentry"],"blocksy_meta":{"styles_descriptor":{"styles":{"desktop":"","tablet":"","mobile":""},"google_fonts":[],"version":6}},"_links":{"self":[{"href":"https:\/\/www.ministranci.katowice.pl\/index.php?rest_route=\/wp\/v2\/pages\/8","targetHints":{"allow":["GET"]}}],"collection":[{"href":"https:\/\/www.ministranci.katowice.pl\/index.php?rest_route=\/wp\/v2\/pages"}],"about":[{"href":"https:\/\/www.ministranci.katowice.pl\/index.php?rest_route=\/wp\/v2\/types\/page"}],"author":[{"embeddable":true,"href":"https:\/\/www.ministranci.katowice.pl\/index.php?rest_route=\/wp\/v2\/users\/1"}],"replies":[{"embeddable":true,"href":"https:\/\/www.ministranci.katowice.pl\/index.php?rest_route=%2Fwp%2Fv2%2Fcomments&post=8"}],"version-history":[{"count":158,"href":"https:\/\/www.ministranci.katowice.pl\/index.php?rest_route=\/wp\/v2\/pages\/8\/revisions"}],"predecessor-version":[{"id":4847,"href":"https:\/\/www.ministranci.katowice.pl\/index.php?rest_route=\/wp\/v2\/pages\/8\/revisions\/4847"}],"wp:attachment":[{"href":"https:\/\/www.ministranci.katowice.pl\/index.php?rest_route=%2Fwp%2Fv2%2Fmedia&parent=8"}],"curies":[{"name":"wp","href":"https:\/\/api.w.org\/{rel}","templated":true}]}}