{"id":4848,"date":"2025-12-27T18:23:27","date_gmt":"2025-12-27T17:23:27","guid":{"rendered":"https:\/\/www.ministranci.katowice.pl\/?page_id=4848"},"modified":"2025-12-27T18:38:09","modified_gmt":"2025-12-27T17:38:09","slug":"standardy-ochrony-maloletnich-w-duszpasterstwie","status":"publish","type":"page","link":"https:\/\/www.ministranci.katowice.pl\/?page_id=4848","title":{"rendered":"Standardy Ochrony Ma\u0142oletnich w Duszpasterstwie"},"content":{"rendered":"\n<p><strong>Bezpiecze\u0144stwo jest naszym priorytetem<\/strong><\/p>\n\n\n\n<p>W Duszpasterstwie Ministrant\u00f3w Archidiecezji Katowickiej przyk\u0142adamy najwy\u017csz\u0105 wag\u0119 do tworzenia bezpiecznego, przyjaznego i rozwijaj\u0105cego \u015brodowiska dla dzieci i m\u0142odzie\u017cy. Dzia\u0142amy w pe\u0142nej zgodno\u015bci z nowelizacj\u0105 Kodeksu rodzinnego i opieku\u0144czego (tzw. &#8222;Ustaw\u0105 Kamilka&#8221;) oraz wytycznymi Konferencji Episkopatu Polski.<\/p>\n\n\n\n<p><strong>Nasze zasady:<\/strong><\/p>\n\n\n\n<ul class=\"wp-block-list\">\n<li><strong>Weryfikacja kadry:<\/strong>\u00a0Wszyscy animatorzy, ceremoniarze i opiekunowie wyjazd\u00f3w diecezjalnych przechodz\u0105 weryfikacj\u0119 w Rejestrze Sprawc\u00f3w Przest\u0119pstw na Tle Seksualnym.<\/li>\n\n\n\n<li><strong>Szkolenia:<\/strong>\u00a0Nasi liderzy s\u0105 regularnie szkoleni z zakresu prewencji przemocy oraz rozpoznawania sygna\u0142\u00f3w zagro\u017cenia.<\/li>\n\n\n\n<li><strong>Transparentno\u015b\u0107:<\/strong>\u00a0Rodzice maj\u0105 pe\u0142ny wgl\u0105d w harmonogram zaj\u0119\u0107 i zawsze mog\u0105 skontaktowa\u0107 si\u0119 z opiekunami grup.<\/li>\n<\/ul>\n\n\n\n<p><strong>Dokumenty do pobrania:<\/strong><\/p>\n\n\n\n<div class=\"wp-block-file\"><a id=\"wp-block-file--media-3d2fb3d9-57d4-4abf-acfa-acfba7d49949\" href=\"https:\/\/www.ministranci.katowice.pl\/wp-content\/uploads\/2025\/12\/standardy-ochrony.pdf\">standardy-ochrony<\/a><a href=\"https:\/\/www.ministranci.katowice.pl\/wp-content\/uploads\/2025\/12\/standardy-ochrony.pdf\" class=\"wp-block-file__button wp-element-button\" download aria-describedby=\"wp-block-file--media-3d2fb3d9-57d4-4abf-acfa-acfba7d49949\">Pobierz<\/a><\/div>\n\n\n\n<p><strong>Zg\u0142aszanie narusze\u0144:<\/strong>&nbsp;Je\u015bli widzisz zachowanie, kt\u00f3re Ci\u0119 niepokoi, lub masz pytania dotycz\u0105ce bezpiecze\u0144stwa, skontaktuj si\u0119 z delegatem ds. ochrony dzieci i m\u0142odzie\u017cy:<\/p>\n\n\n\n<ul class=\"wp-block-list\">\n<li>E-mail: <a href=\"mailto:delegat.dm@archidiecezjakatowicka.pl\">delegat.dm@archidiecezjakatowicka.pl<\/a><\/li>\n\n\n\n<li>Telefon: <a href=\"tel:519%20318%20959\">519 318 959<\/a><\/li>\n\n\n\n<li>Delegat Parafialny: <a href=\"tel:609022564\">609022564<\/a><\/li>\n<\/ul>\n\n\n\n<p><\/p>\n","protected":false},"excerpt":{"rendered":"<p>Bezpiecze\u0144stwo jest naszym priorytetem W Duszpasterstwie Ministrant\u00f3w Archidiecezji Katowickiej przyk\u0142adamy najwy\u017csz\u0105 wag\u0119 do tworzenia bezpiecznego, przyjaznego i rozwijaj\u0105cego \u015brodowiska dla dzieci i m\u0142odzie\u017cy. Dzia\u0142amy w pe\u0142nej zgodno\u015bci z nowelizacj\u0105 Kodeksu rodzinnego i opieku\u0144czego (tzw. &#8222;Ustaw\u0105 Kamilka&#8221;) oraz wytycznymi Konferencji Episkopatu Polski. Nasze zasady: Dokumenty do pobrania: Zg\u0142aszanie narusze\u0144:&nbsp;Je\u015bli widzisz zachowanie, kt\u00f3re Ci\u0119 niepokoi, lub masz [&hellip;]<\/p>\n","protected":false},"author":1,"featured_media":0,"parent":8,"menu_order":0,"comment_status":"closed","ping_status":"closed","template":"","meta":{"ngg_post_thumbnail":0,"footnotes":""},"class_list":["post-4848","page","type-page","status-publish","hentry"],"blocksy_meta":[],"_links":{"self":[{"href":"https:\/\/www.ministranci.katowice.pl\/index.php?rest_route=\/wp\/v2\/pages\/4848","targetHints":{"allow":["GET"]}}],"collection":[{"href":"https:\/\/www.ministranci.katowice.pl\/index.php?rest_route=\/wp\/v2\/pages"}],"about":[{"href":"https:\/\/www.ministranci.katowice.pl\/index.php?rest_route=\/wp\/v2\/types\/page"}],"author":[{"embeddable":true,"href":"https:\/\/www.ministranci.katowice.pl\/index.php?rest_route=\/wp\/v2\/users\/1"}],"replies":[{"embeddable":true,"href":"https:\/\/www.ministranci.katowice.pl\/index.php?rest_route=%2Fwp%2Fv2%2Fcomments&post=4848"}],"version-history":[{"count":1,"href":"https:\/\/www.ministranci.katowice.pl\/index.php?rest_route=\/wp\/v2\/pages\/4848\/revisions"}],"predecessor-version":[{"id":4850,"href":"https:\/\/www.ministranci.katowice.pl\/index.php?rest_route=\/wp\/v2\/pages\/4848\/revisions\/4850"}],"up":[{"embeddable":true,"href":"https:\/\/www.ministranci.katowice.pl\/index.php?rest_route=\/wp\/v2\/pages\/8"}],"wp:attachment":[{"href":"https:\/\/www.ministranci.katowice.pl\/index.php?rest_route=%2Fwp%2Fv2%2Fmedia&parent=4848"}],"curies":[{"name":"wp","href":"https:\/\/api.w.org\/{rel}","templated":true}]}}