{"id":2628,"date":"2024-09-01T20:00:21","date_gmt":"2024-09-01T19:00:21","guid":{"rendered":"http:\/\/www.ministranci.katowice.pl\/?page_id=2628"},"modified":"2025-05-18T18:04:28","modified_gmt":"2025-05-18T17:04:28","slug":"terminarz-zbiorek","status":"publish","type":"page","link":"https:\/\/www.ministranci.katowice.pl\/?page_id=2628","title":{"rendered":"Terminarz zbi\u00f3rek"},"content":{"rendered":"\n<p class=\"has-text-align-center has-white-color has-vivid-red-background-color has-text-color has-background\" style=\"font-size:clamp(14px, 0.875rem + ((1vw - 3.2px) * 0.313), 18px);px\"><strong>Wszystkie zbi\u00f3rki odbywaj\u0105 si\u0119 w Ko\u015bciele lub Nazarecie.<\/strong><\/p>\n\n\n\n<p class=\"has-text-align-center\">Zbi\u00f3rki Ministranckie odbywaj\u0105 si\u0119 <strong>co tydzie\u0144 w Soboty o godzinie 9:30<\/strong>.<\/p>\n\n\n\n<p class=\"has-text-align-center\">Je\u017celi b\u0119dzie zmiana godziny zbi\u00f3rki to taka informacja zostanie podana wcze\u015bniej (na zbi\u00f3rce, Messenger, itp.)<\/p>\n\n\n\n<p><\/p>\n","protected":false},"excerpt":{"rendered":"<p>Wszystkie zbi\u00f3rki odbywaj\u0105 si\u0119 w Ko\u015bciele lub Nazarecie. Zbi\u00f3rki Ministranckie odbywaj\u0105 si\u0119 co tydzie\u0144 w Soboty o godzinie 9:30. Je\u017celi b\u0119dzie zmiana godziny zbi\u00f3rki to taka informacja zostanie podana wcze\u015bniej (na zbi\u00f3rce, Messenger, itp.)<\/p>\n","protected":false},"author":1,"featured_media":0,"parent":0,"menu_order":0,"comment_status":"closed","ping_status":"closed","template":"","meta":{"ngg_post_thumbnail":0,"footnotes":""},"class_list":["post-2628","page","type-page","status-publish","hentry"],"blocksy_meta":[],"_links":{"self":[{"href":"https:\/\/www.ministranci.katowice.pl\/index.php?rest_route=\/wp\/v2\/pages\/2628","targetHints":{"allow":["GET"]}}],"collection":[{"href":"https:\/\/www.ministranci.katowice.pl\/index.php?rest_route=\/wp\/v2\/pages"}],"about":[{"href":"https:\/\/www.ministranci.katowice.pl\/index.php?rest_route=\/wp\/v2\/types\/page"}],"author":[{"embeddable":true,"href":"https:\/\/www.ministranci.katowice.pl\/index.php?rest_route=\/wp\/v2\/users\/1"}],"replies":[{"embeddable":true,"href":"https:\/\/www.ministranci.katowice.pl\/index.php?rest_route=%2Fwp%2Fv2%2Fcomments&post=2628"}],"version-history":[{"count":10,"href":"https:\/\/www.ministranci.katowice.pl\/index.php?rest_route=\/wp\/v2\/pages\/2628\/revisions"}],"predecessor-version":[{"id":4666,"href":"https:\/\/www.ministranci.katowice.pl\/index.php?rest_route=\/wp\/v2\/pages\/2628\/revisions\/4666"}],"wp:attachment":[{"href":"https:\/\/www.ministranci.katowice.pl\/index.php?rest_route=%2Fwp%2Fv2%2Fmedia&parent=2628"}],"curies":[{"name":"wp","href":"https:\/\/api.w.org\/{rel}","templated":true}]}}